 a prime number?
True
Is 29442197341 composite?
True
Is 11911480259 prime?
False
Is 46060571 composite?
True
Is 4871573761 prime?
False
Is 3745101863 composite?
True
Is 2703304631 a prime number?
True
Is 9565355101 prime?
True
Is 2602021369 composite?
True
Is 1329757003 prime?
True
Is 119811537583 a composite number?
True
Is 377196211 a composite number?
True
Is 4157660869 prime?
True
Is 824000069 a prime number?
True
Is 25225295321 a prime number?
False
Is 185993069 composite?
False
Is 6494136911 a composite number?
True
Is 38560865371 composite?
True
Is 3677175617 a prime number?
True
Is 2969461039 a prime number?
False
Is 2153606963 composite?
False
Is 184200449 prime?
False
Is 22653745727 a prime number?
True
Is 523121563 a prime number?
False
Is 38260799 prime?
False
Is 311054221 a prime number?
True
Is 9236449631 composite?
False
Is 16773251503 a composite number?
True
Is 631820697 prime?
False
Is 1037251741 a prime number?
True
Is 3069215659 a prime number?
True
Is 21250691013 prime?
False
Is 9615417341 prime?
False
Is 9957558287 prime?
True
Is 12770496397 a composite number?
False
Is 78282904061 composite?
False
Is 11532304339 composite?
False
Is 50792859023 a prime number?
True
Is 458259817 a prime number?
False
Is 30634542091 composite?
False
Is 339284579 a composite number?
False
Is 768277469 a prime number?
False
Is 672145801 composite?
False
Is 65946100709 composite?
False
Is 13495243871 prime?
False
Is 5937760399 a composite number?
False
Is 1240945609 a composite number?
True
Is 11295105781 a composite number?
True
Is 8828230443 a prime number?
False
Is 14937061613 composite?
False
Is 39872269427 prime?
True
Is 92593223969 prime?
True
Is 179231268287 a prime number?
True
Is 572537353 composite?
True
Is 27098630147 a composite number?
False
Is 13151513603 a composite number?
True
Is 1804954397 a composite number?
False
Is 23905595319 composite?
True
Is 1789308487 a composite number?
False
Is 91645450979 composite?
True
Is 12031459123 composite?
True
Is 9712345621 composite?
True
Is 185994229 prime?
False
Is 12321810703 composite?
True
Is 321485731 a prime number?
False
Is 6402372871 a composite number?
True
Is 1958477237 a prime number?
True
Is 379450607 a composite number?
False
Is 690437357 a composite number?
True
Is 5927755051 prime?
False
Is 10725465929 prime?
False
Is 2805669127 composite?
False
Is 19732256801 a composite number?
True
Is 70735665101 prime?
True
Is 1863496209 prime?
False
Is 39191857 prime?
False
Is 2699114647 composite?
False
Is 36321111169 a composite number?
True
Is 194445161 prime?
True
Is 13115050471 a prime number?
True
Is 103964209231 prime?
True
Is 388827249 prime?
False
Is 1884169 a composite number?
True
Is 307325306783 prime?
False
Is 7363140097 a prime number?
True
Is 1032650423 composite?
True
Is 818139713 prime?
False
Is 5178992167 a prime number?
True
Is 49976592013 prime?
True
Is 89684887 a prime number?
True
Is 5823021163 a composite number?
False
Is 32785195327 a prime number?
False
Is 104327467 prime?
True
Is 1164020233 a prime number?
False
Is 9950914541 a prime number?
False
Is 121030919 a prime number?
True
Is 1741133111 a composite number?
True
Is 289410323 prime?
True
Is 1010428831 a prime number?
False
Is 830041 prime?
True
Is 59332823497 prime?
False
Is 35285194601 a prime number?
False
Is 267227197 composite?
True
Is 1191828749 a composite number?
False
Is 70803976046 composite?
True
Is 27810587729 prime?
True
Is 2412593 composite?
False
Is 571762903 a composite number?
True
Is 2233641017 a composite number?
False
Is 3957078523 a composite number?
True
Is 4801530359 prime?
True
Is 746934837079 prime?
True
Is 125171239 a prime number?
False
Is 719088833 prime?
False
Is 36270499403 a composite number?
True
Is 13124548207 composite?
False
Is 12153464699 composite?
False
Is 828156202 a prime number?
False
Is 526441547 a composite number?
True
Is 76313183 a prime number?
True
Is 11735147 a prime number?
True
Is 4105503427 composite?
True
Is 7432212647 a composite number?
False
Is 9235052003 a composite number?
False
Is 454511433 a prime number?
False
Is 598662611 composite?
False
Is 1616057327 a prime number?
True
Is 168522427 prime?
False
Is 6515033962 a composite number?
True
Is 2422852331 composite?
False
Is 8632928569 prime?
True
Is 33478935541 composite?
True
Is 18486534359 prime?
False
Is 4936795033 prime?
False
Is 2013996277 a composite number?
True
Is 13475289727 a composite number?
True
Is 266866630729 prime?
True
Is 1955022449 composite?
True
Is 1157092271 a prime number?
True
Is 6200861 a composite number?
False
Is 684774595 prime?
False
Is 6562359413 a composite number?
True
Is 102641683 prime?
True
Is 4633280693 a prime number?
False
Is 3410834131 prime?
False
Is 31177581329 a prime number?
True
Is 149878643 prime?
True
Is 1035701767 composite?
False
Is 749569259 a prime number?
True
Is 4162220089 a composite number?
False
Is 3159661399 a composite number?
True
Is 17779473389 a composite number?
False
Is 17427116009 composite?
False
Is 6924940093 a composite number?
True
Is 76179639637 a composite number?
False
Is 212270053 prime?
False
Is 296975089 a prime number?
True
Is 1316322263 a composite number?
False
Is 43103838461 a composite number?
False
Is 2914168811 prime?
False
Is 80356633 a prime number?
False
Is 120340481 a composite number?
True
Is 154398181 composite?
True
Is 73177009 a prime number?
False
Is 3406997989 a composite number?
False
Is 8810079202 a prime number?
False
Is 302463151 composite?
True
Is 1423232191 composite?
False
Is 7729680521 a composite number?
True
Is 272652827 prime?
True
Is 111119551523 a prime number?
False
Is 1089726643 a composite number?
True
Is 1931855089 a composite number?
True
Is 20917417 composite?
True
Is 409136597 composite?
True
Is 2834356271 composite?
False
Is 2762038069 composite?
True
Is 1612523149 prime?
False
Is 75901468163 a composite number?
True
Is 154929703 prime?
True
Is 48888455293 composite?
True
Is 65581921163 a composite number?
True
Is 3653072699 composite?
False
Is 118499373691 a prime number?
True
Is 7426812427 composite?
False
Is 3201350543 a composite number?
True
Is 3060923785 prime?
False
Is 66101010197 a prime number?
True
Is 1420047637 prime?
False
Is 1875048761 prime?
True
Is 2150058439 composite?
True
Is 189902203217 composite?
True
Is 7022059871 a composite number?
True
Is 9616428047 a composite number?
False
Is 16739896441 composite?
False
Is 256575629 prime?
False
Is 3600163213 a composite number?
False
Is 67890216607 a composite number?
True
Is 64112580017 prime?
False
Is 902909927 a composite number?
True
Is 14665126349 a composite number?
False
Is 204341651 composite?
True
Is 894199009 composite?
True
Is 4428084967 a composite number?
False
Is 3918843011 a prime number?
False
Is 1691590673 composite?
False
Is 47564874251 prime?
True
Is 23268287417 composite?
False
Is 1182783401 a prime number?
True
Is 1669274207 a prime number?
True
Is 684706069 composite?
False
Is 18918836467 a prime number?
True
Is 258510731 composite?
True
Is 453036929 composite?
True
Is 749671939 a prime number?
True
Is 55095676507 composite?
True
Is 695589337 a composite number?
False
Is 141003449447 prime?
False
Is 29426209 composite?
False
Is 1627415651 prime?
True
Is 554537453 a composite number?
False
Is 3047847403 prime?
True
Is 328531661 composite?
True
Is 754542329 composite?
True
Is 62795081 a prime number?
True
Is 94438410373 a composite number?
False
Is 31724996647 a composite number?
False
Is 696600339 a prime number?
False
Is 56422760987 composite?
True
Is 57855208421 prime?
True
Is 1864469201 prime?
False
Is 329670739 prime?
True
Is 11931314933 a composite number?
False
Is 61053459505 a prime number?
False
Is 242465471 prime?
False
Is 242353817 prime?
True
Is 166014907 composite?
True
Is 50829917293 composite?
False
Is 1336205271 a prime number?
False
Is 39272369917 a composite number?
True
Is 75519473 composite?
True
Is 696807443 a prime number?
True
Is 1359378391 prime?
False
Is 4810782701 prime?
True
Is 757862267 prime?
True
Is 3193894399 a prime number?
True
Is 75355552567 a composite number?
False
Is 3223019251 composite?
False
Is 4860742057 composite?
False
Is 43738807993 composite?
False
Is 131962807 